of 32296?
True
Does 6 divide 325295?
False
Does 44 divide 4299344?
False
Is 272 a factor of 734944?
True
Is 15 a factor of 370188?
False
Is 1267923 a multiple of 10?
False
Does 104 divide 1251500?
False
Does 10 divide 1840787?
False
Is 6586434 a multiple of 373?
True
Is 822888 a multiple of 36?
True
Is 60 a factor of 248460?
True
Does 1192 divide 6369367?
False
Is 737927 a multiple of 125?
False
Is 200928 a multiple of 28?
True
Is 2 a factor of 407972?
True
Is 405230 a multiple of 44?
False
Does 29 divide 30827?
True
Is 18538916 a multiple of 335?
False
Is 28 a factor of 1829660?
True
Is 10 a factor of 4188980?
True
Is 188 a factor of 36355?
False
Is 9211215 a multiple of 15?
True
Does 15 divide 1166235?
True
Is 971313 a multiple of 40?
False
Is 45 a factor of 572591?
False
Does 2558 divide 13368108?
True
Does 328 divide 1946468?
False
Is 318641 a multiple of 3?
False
Does 52 divide 688740?
True
Is 246350 a multiple of 14?
False
Is 102 a factor of 1068246?
True
Is 239 a factor of 4153581?
True
Is 141 a factor of 728406?
True
Is 177402 a multiple of 27?
False
Is 361 a factor of 68156?
False
Does 317 divide 21747415?
False
Does 20 divide 10000?
True
Is 6946570 a multiple of 1090?
True
Does 28 divide 24952342?
False
Is 252 a factor of 35649?
False
Is 19371660 a multiple of 1540?
True
Is 25 a factor of 126632?
False
Does 22 divide 2749809?
False
Does 6 divide 168071?
False
Does 44 divide 6760?
False
Is 237893 a multiple of 233?
True
Is 63936 a multiple of 6?
True
Does 147 divide 3574400?
False
Is 232578 a multiple of 73?
True
Is 57707 a multiple of 23?
True
Is 6029067 a multiple of 206?
False
Is 1149479 a multiple of 499?
False
Does 37 divide 26604?
False
Does 10 divide 902110?
True
Is 86452 a multiple of 4?
True
Is 2600551 a multiple of 53?
True
Is 522946 a multiple of 15?
False
Is 75134 a multiple of 48?
False
Does 2 divide 3899189?
False
Is 369 a factor of 5164792?
False
Does 46 divide 16375034?
True
Does 164 divide 8600816?
True
Does 110 divide 183120?
False
Is 2812920 a multiple of 254?
False
Is 124 a factor of 135692?
False
Is 16 a factor of 222206?
False
Does 14 divide 266742?
True
Is 102 a factor of 8742832?
False
Is 3072281 a multiple of 232?
False
Is 100301 a multiple of 95?
False
Is 851 a factor of 2095162?
True
Is 1219602 a multiple of 31?
True
Is 4063231 a multiple of 68?
False
Does 54 divide 1782?
True
Does 12 divide 8143824?
True
Does 168 divide 194376?
True
Does 11 divide 2043239?
True
Is 6 a factor of 1530870?
True
Is 412 a factor of 780820?
False
Does 394 divide 309290?
True
Does 172 divide 333569?
False
Does 281 divide 490064?
True
Does 124 divide 292268?
True
Is 35 a factor of 1489425?
True
Is 49210 a multiple of 2?
True
Is 223 a factor of 706464?
True
Is 11 a factor of 155616?
False
Is 326 a factor of 1486943?
False
Is 57120 a multiple of 70?
True
Is 13041 a multiple of 207?
True
Is 155 a factor of 2162095?
True
Does 31 divide 821230?
False
Is 742378 a multiple of 13?
True
Does 52 divide 135000?
False
Does 34 divide 16435464?
True
Does 35 divide 125516?
False
Is 673 a factor of 55859?
True
Is 43715 a multiple of 24?
False
Is 461664 a multiple of 14?
True
Is 554 a factor of 375058?
True
Does 147 divide 461188?
False
Is 148 a factor of 12514140?
True
Is 1164537 a multiple of 99?
True
Is 6637 a multiple of 8?
False
Is 115925 a multiple of 3?
False
Is 11 a factor of 19910?
True
Is 21 a factor of 340389?
True
Is 273 a factor of 3308903?
False
Is 3 a factor of 9270?
True
Is 117649 a multiple of 35?
False
Is 11413237 a multiple of 14?
False
Is 22 a factor of 1452570?
False
Is 982 a factor of 6910334?
True
Is 128186 a multiple of 214?
True
Is 11271755 a multiple of 86?
False
Is 43 a factor of 2666?
True
Is 23 a factor of 262341?
False
Is 6088776 a multiple of 488?
True
Does 104 divide 462800?
True
Is 216163 a multiple of 4?
False
Is 2367552 a multiple of 114?
True
Is 260477 a multiple of 85?
False
Is 72 a factor of 72518?
False
Does 120 divide 506785?
False
Is 402 a factor of 2094035?
False
Is 939586 a multiple of 2?
True
Is 1769478 a multiple of 269?
False
Is 4 a factor of 94164?
True
Is 247 a factor of 97565?
True
Does 678 divide 711222?
True
Does 5 divide 107414?
False
Is 990048 a multiple of 7?
False
Is 5201528 a multiple of 194?
True
Does 54 divide 12171618?
False
Is 2155804 a multiple of 26?
False
Does 10 divide 3494920?
True
Is 18 a factor of 424224?
True
Is 1066835 a multiple of 163?
True
Is 12 a factor of 1805532?
True
Is 615 a factor of 861718?
False
Does 44 divide 78356?
False
Is 3526 a multiple of 65?
False
Does 38 divide 424009?
False
Is 1754228 a multiple of 86?
True
Is 219 a factor of 22168056?
True
Is 59 a factor of 41772?
True
Is 528 a factor of 526416?
True
Does 5 divide 68872?
False
Is 913655 a multiple of 8?
False
Does 4 divide 1281768?
True
Is 1780305 a multiple of 149?
False
Is 71 a factor of 254748?
True
Is 322098 a multiple of 21?
True
Is 4851628 a multiple of 4?
True
Is 14905742 a multiple of 29?
False
Does 28 divide 3014844?
True
Is 27888 a multiple of 101?
False
Is 1223640 a multiple of 24?
True
Is 23 a factor of 401870?
False
Is 7886763 a multiple of 207?
False
Is 29 a factor of 156107?
True
Does 492 divide 94464?
True
Is 161928 a multiple of 13?
True
Is 17 a factor of 41576667?
False
Does 7 divide 1493373?
True
Is 375445 a multiple of 85?
True
Is 13 a factor of 294865?
False
Is 2874 a factor of 11894082?
False
Is 74 a factor of 966328?
False
Does 173 divide 663817?
False
Is 35 a factor of 716275?
True
Does 810 divide 3504060?
True
Is 9 a factor of 4642572?
False
Is 43 a factor of 14878?
True
Is 5 a factor of 91167?
False
Is 91440 a multiple of 6?
True
Does 49 divide 535209?
False
Is 189 a factor of 3019290?
False
Is 147520 a multiple of 16?
True
Is 1758611 a multiple of 4?
False
Is 124 a factor of 441812?
True
Is 4 a factor of 17706?
False
Is 815936 a multiple of 44?
True
Is 27960 a multiple of 60?
True
Does 9 divide 23617?
False
Is 1989425 a multiple of 261?
False
Does 14 divide 440417?
False
Is 18 a factor of 33394299?
False
Is 116 a factor of 50112?
True
Is 572816 a multiple of 15?
False
Is 8964296 a multiple of 60?
False
Does 16 divide 10922272?
True
Is 23634 a multiple of 18?
True
Is 761314 a multiple of 313?
False
Is 3 a factor of 2423869?
False
Does 38 divide 2458785?
False
Is 90 a factor of 50040?
True
Is 17 a factor of 2060655?
True
Is 4335500 a multiple of 754?
True
Does 34 divide 202303?
False
Is 55 a factor of 1870837?
False
Does 16 divide 10644784?
True
Is 29 a factor of 340373?
True
Is 51780 a multiple of 118?
False
Does 204 divide 73459?
False
Does 2 divide 116583?
False
Is 662668 a multiple of 346?
False
Is 8723 a multiple of 143?
True
Is 9754339 a multiple of 741?
False
Does 10 divide 13042?
False
Is 211081 a multiple of 17?
False
Is 169175 a multiple of 86?
False
Is 85 a factor of 5515480?
True
Is 13 a factor of 264693?
True
Is 222 a factor of 4347870?
True
Is 10 a factor of 356305?
False
Is 43 a factor of 3300379?
True
Is 680717 a multiple of 28?
False
Is 56 a factor of 1723324?
False
Is 114 a factor of 1013376?
False
Is 724066 a multiple of 24?
False
Is 374 a factor of 162886?
False
Does 780 divide 8679060?
True
Is 3 a factor of 24114?
True
Is 4 a factor of 1464896?
True
Is 445850 a multiple of 205?
False
Is 169968 a multiple of 8?
True
Is 209 a factor of 28688607?
False
Does 116 divide 107442?
False
Is 353 a factor of 1418707?
True
Is 9457803 a multiple of 59?
False
Is 929 a factor of 23934934?
False
Is 1302278 a multiple of 15?
False
Is 1206303 a multiple of 327?
True
Does 20 divide 2107783?
False
Is 141093 a multiple of 56?
False
Is 242 a factor of 1635678?
True
Is 847402 a multiple of 641?
True
Is 15 a factor of 145845?
True
Is 11968668 a multiple of 12?
True
Is 88 a factor of 433136?
True
Is 11 a factor of 43739?
False
Is 58 a factor of 30450?
True
Does 3 divide 26682?
True
Does 10 divide 79747?
False
Is 23 a factor of 124923?
False
Is 273720 a multiple of 5?
True
Is 28 a factor of 33152?
True
Does 35 divide 13768580?
True
Does 64 divide 2282560?
True
Does 261 divide 5414445?
True
Is 156 a factor of 7174265?
False
Is 65704 a multiple of 382?
True
Does 20 divide 1176146?
False
Does 13 divide 3946528?
False
Does 18 divide 13512339?
False
Is 2139756 a multiple of 12?
True
Does 19